{"id":24,"date":"2024-11-05T20:55:54","date_gmt":"2024-11-05T19:55:54","guid":{"rendered":"http:\/\/www.mindefensa.gob.ve\/?page_id=24"},"modified":"2024-11-05T20:55:54","modified_gmt":"2024-11-05T19:55:54","slug":"historia","status":"publish","type":"page","link":"https:\/\/www.mindefensa.gob.ve\/?page_id=24","title":{"rendered":"Historia"},"content":{"rendered":"\n<p>El 25 de Abril de 1810 fue establecida en el pa\u00eds la Secretar\u00eda de Guerra y Marina, con un prop\u00f3sito an\u00e1logo al del Ministerio de la Defensa,&nbsp; formando parte de la Junta Suprema y siendo su primer conductor don Lino de Clemente y Palacios.<\/p>\n\n\n\n<p>Entre 1813 y 1863 en varias oportunidades la Secretar\u00eda de Guerra y Marina es individualizada por ramo, constituy\u00e9ndose entonces como Secretar\u00eda de Guerra y Secretar\u00eda de Marina,&nbsp; Secretario o Ministro de Estado en los Despachos de Guerra y Marina.<\/p>\n\n\n\n<p>El Mariscal Juan Cris\u00f3stomo Falc\u00f3n, Presidente de la Rep\u00fablica, separa los dos ramos de Defensa, estableciendo en fecha 29 de Julio de 1863 el Ministerio de Marina. Durante once a\u00f1os los Ministerios tendr\u00e1n, por separado, sus respectivos Ministros hasta que por Decreto emitido por el Congreso de los Estados Unidos de Venezuela en fecha 1\u00ba de Julio de 1874, se retoma la fusi\u00f3n de los ramos de Defensa bajo la figura de Ministerio de Guerra y Marina.<\/p>\n\n\n\n<p>Transcurridos setenta y un a\u00f1os pasa a identificarse como Ministerio de la Defensa Nacional, seg\u00fan Decreto N\u00ba 348 de la Junta Revolucionaria de Gobierno de 22 de Junio de 1945 y seis a\u00f1os m\u00e1s tarde, el 15 de Enero de 1951, se le recort\u00f3 a Ministerio de la Defensa, manteniendo esta denominaci\u00f3n hasta Enero de 2007, seg\u00fan&nbsp;<em>Gaceta Oficial<\/em>&nbsp;N\u00b0 5.836, Extraordinario, del 8 de Enero, que pasa a denominarse Ministerio del Poder Popular para la Defensa.<\/p>\n\n\n\n<p><strong>Algunas Sedes<\/strong><\/p>\n\n\n\n<p>Desde 1929 hasta 1950, ocup\u00f3 la sede del edificio del Ministerio de Guerra y Marina en la Esquina de Bolero, lateral al actual Palacio de Miraflores.<\/p>\n\n\n\n<p>A partir del 26 de Marzo de 1950 hasta el 15 de Mayo de 1981, la sede del Ministerio fue el inmueble construido en 1903 con destino a la antigua Academia Militar, ubicada en La Planicie de Cagigal, hoy Parroquia 23 de Enero, la cual pas\u00f3 a ser el Museo Hist\u00f3rico Militar y por decreto presidencial del 10 de Octubre del 2002, se convierte en el \u00abCuartel 4 de Febrero\u00bb y actualmente es el mausoleo donde reposan los restos del Comandante Supremo y Eterno de la Revoluci\u00f3n Bolivariana, Hugo Rafael Ch\u00e1vez Fr\u00edas.<\/p>\n\n\n\n<p class=\"has-ast-global-color-8-color has-text-color has-link-color wp-elements-b0a046e7876524b2426743cd36f5828c\">Durante 40 a\u00f1os ocup\u00f3 las instalaciones de La Planicie, pero en vista del din\u00e1mico desarrollo de las Fuerzas Armadas, la expansi\u00f3n de los distintos servicios y la necesidad de una sede moderna y funcional, \u00e9sta fue construida en las \u00e1reas del Fuerte Tiuna, ubicado en El Valle, Distrito Capital, obra del arquitecto Juli\u00e1n Ferris y Carlos Pons.<\/p>\n\n\n\n<figure class=\"wp-block-image size-full\"><img fetchpriority=\"high\" decoding=\"async\" width=\"1700\" height=\"869\" src=\"https:\/\/www.mindefensa.gob.ve\/wp-content\/uploads\/2024\/11\/4f-1.jpg\" alt=\"\" class=\"wp-image-25\"\/><\/figure>\n","protected":false},"excerpt":{"rendered":"<p>El 25 de Abril de 1810 fue establecida en el pa\u00eds la Secretar\u00eda de Guerra y Marina, con un prop\u00f3sito an\u00e1logo al del Ministerio de la Defensa,&nbsp; formando parte de la Junta Suprema y siendo su primer conductor don Lino de Clemente y Palacios. Entre 1813 y 1863 en varias oportunidades la Secretar\u00eda de Guerra y Marina es individualizada por ramo, constituy\u00e9ndose entonces como Secretar\u00eda de Guerra y Secretar\u00eda de Marina,&nbsp; Secretario o Ministro de Estado en los Despachos de Guerra y Marina. El Mariscal Juan Cris\u00f3stomo Falc\u00f3n, Presidente de la Rep\u00fablica, separa los dos ramos de Defensa, estableciendo en fecha 29 de Julio de 1863 el Ministerio de Marina. Durante once a\u00f1os los Ministerios tendr\u00e1n, por separado, sus respectivos Ministros hasta que por Decreto emitido por el Congreso de los Estados Unidos de Venezuela en fecha 1\u00ba de Julio de 1874, se retoma la fusi\u00f3n de los ramos de Defensa bajo la figura de Ministerio de Guerra y Marina. Transcurridos setenta y un a\u00f1os pasa a identificarse como Ministerio de la Defensa Nacional, seg\u00fan Decreto N\u00ba 348 de la Junta Revolucionaria de Gobierno de 22 de Junio de 1945 y seis a\u00f1os m\u00e1s tarde, el 15 de Enero de 1951, se le recort\u00f3 a Ministerio de la Defensa, manteniendo esta denominaci\u00f3n hasta Enero de 2007, seg\u00fan&nbsp;Gaceta Oficial&nbsp;N\u00b0 5.836, Extraordinario, del 8 de Enero, que pasa a denominarse Ministerio del Poder Popular para la Defensa. Algunas Sedes Desde 1929 hasta 1950, ocup\u00f3 la sede del edificio del Ministerio de Guerra y Marina en la Esquina de Bolero, lateral al actual Palacio de Miraflores. A partir del 26 de Marzo de 1950 hasta el 15 de Mayo de 1981, la sede del Ministerio fue el inmueble construido en 1903 con destino a la antigua Academia Militar, ubicada en La Planicie de Cagigal, hoy Parroquia 23 de Enero, la cual pas\u00f3 a ser el Museo Hist\u00f3rico Militar y por decreto presidencial del 10 de Octubre del 2002, se convierte en el \u00abCuartel 4 de Febrero\u00bb y actualmente es el mausoleo donde reposan los restos del Comandante Supremo y Eterno de la Revoluci\u00f3n Bolivariana, Hugo Rafael Ch\u00e1vez Fr\u00edas. Durante 40 a\u00f1os ocup\u00f3 las instalaciones de La Planicie, pero en vista del din\u00e1mico desarrollo de las Fuerzas Armadas, la expansi\u00f3n de los distintos servicios y la necesidad de una sede moderna y funcional, \u00e9sta fue construida en las \u00e1reas del Fuerte Tiuna, ubicado en El Valle, Distrito Capital, obra del arquitecto Juli\u00e1n Ferris y Carlos Pons.<\/p>\n","protected":false},"author":4,"featured_media":0,"parent":0,"menu_order":0,"comment_status":"closed","ping_status":"closed","template":"","meta":{"site-sidebar-layout":"default","site-content-layout":"","ast-site-content-layout":"","site-content-style":"default","site-sidebar-style":"default","ast-global-header-display":"","ast-banner-title-visibility":"","ast-main-header-display":"","ast-hfb-above-header-display":"","ast-hfb-below-header-display":"","ast-hfb-mobile-header-display":"","site-post-title":"","ast-breadcrumbs-content":"","ast-featured-img":"","footer-sml-layout":"","theme-transparent-header-meta":"","adv-header-id-meta":"","stick-header-meta":"","header-above-stick-meta":"","header-main-stick-meta":"","header-below-stick-meta":"","astra-migrate-meta-layouts":"default","ast-page-background-enabled":"default","ast-page-background-meta":{"desktop":{"background-color":"var(--ast-global-color-4)","background-image":"","background-repeat":"repeat","background-position":"center center","background-size":"auto","background-attachment":"scroll","background-type":"","background-media":"","overlay-type":"","overlay-color":"","overlay-gradient":""},"tablet":{"background-color":"","background-image":"","background-repeat":"repeat","background-position":"center center","background-size":"auto","background-attachment":"scroll","background-type":"","background-media":"","overlay-type":"","overlay-color":"","overlay-gradient":""},"mobile":{"background-color":"","background-image":"","background-repeat":"repeat","background-position":"center center","background-size":"auto","background-attachment":"scroll","background-type":"","background-media":"","overlay-type":"","overlay-color":"","overlay-gradient":""}},"ast-content-background-meta":{"desktop":{"background-color":"var(--ast-global-color-5)","background-image":"","background-repeat":"repeat","background-position":"center center","background-size":"auto","background-attachment":"scroll","background-type":"","background-media":"","overlay-type":"","overlay-color":"","overlay-gradient":""},"tablet":{"background-color":"var(--ast-global-color-5)","background-image":"","background-repeat":"repeat","background-position":"center center","background-size":"auto","background-attachment":"scroll","background-type":"","background-media":"","overlay-type":"","overlay-color":"","overlay-gradient":""},"mobile":{"background-color":"var(--ast-global-color-5)","background-image":"","background-repeat":"repeat","background-position":"center center","background-size":"auto","background-attachment":"scroll","background-type":"","background-media":"","overlay-type":"","overlay-color":"","overlay-gradient":""}},"footnotes":""},"class_list":["post-24","page","type-page","status-publish","hentry"],"_links":{"self":[{"href":"https:\/\/www.mindefensa.gob.ve\/index.php?rest_route=\/wp\/v2\/pages\/24","targetHints":{"allow":["GET"]}}],"collection":[{"href":"https:\/\/www.mindefensa.gob.ve\/index.php?rest_route=\/wp\/v2\/pages"}],"about":[{"href":"https:\/\/www.mindefensa.gob.ve\/index.php?rest_route=\/wp\/v2\/types\/page"}],"author":[{"embeddable":true,"href":"https:\/\/www.mindefensa.gob.ve\/index.php?rest_route=\/wp\/v2\/users\/4"}],"replies":[{"embeddable":true,"href":"https:\/\/www.mindefensa.gob.ve\/index.php?rest_route=%2Fwp%2Fv2%2Fcomments&post=24"}],"version-history":[{"count":1,"href":"https:\/\/www.mindefensa.gob.ve\/index.php?rest_route=\/wp\/v2\/pages\/24\/revisions"}],"predecessor-version":[{"id":26,"href":"https:\/\/www.mindefensa.gob.ve\/index.php?rest_route=\/wp\/v2\/pages\/24\/revisions\/26"}],"wp:attachment":[{"href":"https:\/\/www.mindefensa.gob.ve\/index.php?rest_route=%2Fwp%2Fv2%2Fmedia&parent=24"}],"curies":[{"name":"wp","href":"https:\/\/api.w.org\/{rel}","templated":true}]}}